{"id":12,"date":"2018-08-07T13:08:37","date_gmt":"2018-08-07T13:08:37","guid":{"rendered":"https:\/\/britishcemeteriesspain.org\/foundation\/?page_id=12"},"modified":"2020-04-15T12:56:49","modified_gmt":"2020-04-15T10:56:49","slug":"la-fundacion","status":"publish","type":"page","link":"https:\/\/britishcemeteriesspain.org\/foundation\/la-fundacion\/","title":{"rendered":"Fundaci\u00f3n"},"content":{"rendered":"<p>[et_pb_section fb_built=\u00bb1&#8243; fullwidth=\u00bbon\u00bb _builder_version=\u00bb3.22&#8243; background_color=\u00bbrgba(0,0,0,0.2)\u00bb background_image=\u00bbhttps:\/\/britishcemeteriesspain.org\/foundation\/wp-content\/uploads\/2018\/08\/cementerio-britanico-bilbao-espana.jpg\u00bb background_blend=\u00bbmultiply\u00bb][et_pb_fullwidth_header title=\u00bbFundaci\u00f3n Cementerios Brit\u00e1nicos en Espa\u00f1a\u00bb _builder_version=\u00bb3.16&#8243; background_color=\u00bbrgba(126,190,197,0)\u00bb button_one_text_size__hover_enabled=\u00bboff\u00bb button_one_text_size__hover=\u00bbnull\u00bb button_two_text_size__hover_enabled=\u00bboff\u00bb button_two_text_size__hover=\u00bbnull\u00bb button_one_text_color__hover_enabled=\u00bboff\u00bb button_one_text_color__hover=\u00bbnull\u00bb button_two_text_color__hover_enabled=\u00bboff\u00bb button_two_text_color__hover=\u00bbnull\u00bb button_one_border_width__hover_enabled=\u00bboff\u00bb button_one_border_width__hover=\u00bbnull\u00bb button_two_border_width__hover_enabled=\u00bboff\u00bb button_two_border_width__hover=\u00bbnull\u00bb button_one_border_color__hover_enabled=\u00bboff\u00bb button_one_border_color__hover=\u00bbnull\u00bb button_two_border_color__hover_enabled=\u00bboff\u00bb button_two_border_color__hover=\u00bbnull\u00bb button_one_border_radius__hover_enabled=\u00bboff\u00bb button_one_border_radius__hover=\u00bbnull\u00bb button_two_border_radius__hover_enabled=\u00bboff\u00bb button_two_border_radius__hover=\u00bbnull\u00bb button_one_letter_spacing__hover_enabled=\u00bboff\u00bb button_one_letter_spacing__hover=\u00bbnull\u00bb button_two_letter_spacing__hover_enabled=\u00bboff\u00bb button_two_letter_spacing__hover=\u00bbnull\u00bb button_one_bg_color__hover_enabled=\u00bboff\u00bb button_one_bg_color__hover=\u00bbnull\u00bb button_two_bg_color__hover_enabled=\u00bboff\u00bb button_two_bg_color__hover=\u00bbnull\u00bb][\/et_pb_fullwidth_header][\/et_pb_section][et_pb_section fb_built=\u00bb1&#8243; _builder_version=\u00bb3.22&#8243; background_color=\u00bb#f7f7f7&#8243; custom_padding=\u00bb30px||30px|\u00bb][et_pb_row _builder_version=\u00bb3.25&#8243; background_size=\u00bbinitial\u00bb background_position=\u00bbtop_left\u00bb background_repeat=\u00bbrepeat\u00bb][et_pb_column type=\u00bb4_4&#8243; _builder_version=\u00bb3.25&#8243; custom_padding=\u00bb|||\u00bb custom_padding__hover=\u00bb|||\u00bb][et_pb_text _builder_version=\u00bb3.27.4&#8243; header_font=\u00bb||||||||\u00bb header_text_color=\u00bb#21468b\u00bb]<\/p>\n<h1>FUNDACI\u00d3N CEMENTERIOS BRIT\u00c1NICOS en ESPA\u00d1A<\/h1>\n<p>La <strong>Fundaci\u00f3n Cementerios Brit\u00e1nicos en Espa\u00f1a<\/strong> fue constituida en 2017 con el fin de apoyar, mantener y promover, de manera espec\u00edfica, aunque no exclusiva, aquellos cementerios brit\u00e1nicos en el territorio espa\u00f1ol que a\u00fan a d\u00eda de hoy, son propiedad de la Corona Brit\u00e1nica.<\/p>\n<p>[\/et_pb_text][\/et_pb_column][\/et_pb_row][\/et_pb_section][et_pb_section fb_built=\u00bb1&#8243; _builder_version=\u00bb3.22&#8243; custom_padding=\u00bb20px|||\u00bb][et_pb_row column_structure=\u00bb2_3,1_3&#8243; _builder_version=\u00bb3.25&#8243; background_size=\u00bbinitial\u00bb background_position=\u00bbtop_left\u00bb background_repeat=\u00bbrepeat\u00bb][et_pb_column type=\u00bb2_3&#8243; _builder_version=\u00bb3.25&#8243; custom_padding=\u00bb|||\u00bb custom_padding__hover=\u00bb|||\u00bb][et_pb_text _builder_version=\u00bb3.27.4&#8243; custom_margin=\u00bb||10px|\u00bb]<\/p>\n<h2>La Fundaci\u00f3n<\/h2>\n<p>[\/et_pb_text][et_pb_divider color=\u00bb#21468b\u00bb divider_weight=\u00bb2px\u00bb _builder_version=\u00bb3.15&#8243; max_width=\u00bb40%\u00bb custom_margin=\u00bb||0px|\u00bb]<\/p>\n<p>[\/et_pb_divider][et_pb_text _builder_version=\u00bb3.27.4&#8243;]<\/p>\n<p>Mediante la puesta en com\u00fan de los recursos, la formalizaci\u00f3n de la gesti\u00f3n, el intercambio de las mejores pr\u00e1cticas y el fomento de iniciativas de recaudaci\u00f3n de fondos, el comprometido Patronato trabaja de manera conjunta en el mejor inter\u00e9s de estos cementerios, creando conciencia e inter\u00e9s tanto en la importancia cultural como en la relevancia hist\u00f3rica de los cementerios \u201cbrit\u00e1nicos\u201d en el territorio espa\u00f1ol.<\/p>\n<p>[\/et_pb_text][\/et_pb_column][et_pb_column type=\u00bb1_3&#8243; _builder_version=\u00bb3.25&#8243; custom_padding=\u00bb|||\u00bb custom_padding__hover=\u00bb|||\u00bb][et_pb_image src=\u00bbhttps:\/\/britishcemeteriesspain.org\/foundation\/wp-content\/uploads\/2018\/08\/la-fundacion-cementerios-britanicos.jpg\u00bb align=\u00bbcenter\u00bb align_tablet=\u00bbcenter\u00bb align_phone=\u00bb\u00bb align_last_edited=\u00bbon|desktop\u00bb _builder_version=\u00bb3.23&#8243;]<\/p>\n<p>[\/et_pb_image][\/et_pb_column][\/et_pb_row][et_pb_row column_structure=\u00bb2_3,1_3&#8243; _builder_version=\u00bb3.25&#8243; background_size=\u00bbinitial\u00bb background_position=\u00bbtop_left\u00bb background_repeat=\u00bbrepeat\u00bb][et_pb_column type=\u00bb2_3&#8243; _builder_version=\u00bb3.25&#8243; custom_padding=\u00bb|||\u00bb custom_padding__hover=\u00bb|||\u00bb][et_pb_text _builder_version=\u00bb3.27.4&#8243; custom_margin=\u00bb||10px|\u00bb]<\/p>\n<h2>Objetivos de la Fundaci\u00f3n<\/h2>\n<p>[\/et_pb_text][et_pb_divider color=\u00bb#21468b\u00bb divider_weight=\u00bb2px\u00bb _builder_version=\u00bb3.15&#8243; max_width=\u00bb40%\u00bb custom_margin=\u00bb||0px|\u00bb]<\/p>\n<p>[\/et_pb_divider][et_pb_text _builder_version=\u00bb3.27.4&#8243;]<\/p>\n<p>Los principales objetivos de la <strong>Fundaci\u00f3n Cementerios Brit\u00e1nicos en Espa\u00f1a<\/strong> son:<\/p>\n<ul>\n<li>Garantizar la infraestructura jur\u00eddica y administrativa necesaria para apoyar las necesidades legales y administrativas de nuestros cementerios en Espa\u00f1a, concretamente, aunque no exclusivamente, en los cementerios situados en \u00c1guilas, Bilbao, Madrid y Valencia.<\/li>\n<li>Garantizar los fondos necesarios para apoyar el mantenimiento y la realizaci\u00f3n de trabajos de restauraci\u00f3n dentro de nuestros cementerios.<\/li>\n<li>Promover un mayor conocimiento de nuestros cementerios y un mayor inter\u00e9s local e internacional por la relevancia cultural e hist\u00f3rica de los cementerios brit\u00e1nicos en el territorio espa\u00f1ol, dando vida al entendimiento hist\u00f3rico y cultural entre Espa\u00f1a, el Reino Unido y todos los dem\u00e1s pa\u00edses cuyos ciudadanos fallecidos pueden descansar en nuestros cementerios en Espa\u00f1a.<\/li>\n<li>El respeto de los cementerios brit\u00e1nicos como lugares de entierro pac\u00edficos.<\/li>\n<li>La implementaci\u00f3n, siempre que sea posible, de formas alternativas de disposici\u00f3n de restos humanos, respetando en todo momento la legislaci\u00f3n municipal, auton\u00f3mica y nacional.<\/li>\n<li>El fomento de la contrataci\u00f3n de voluntarios dentro de las comunidades locales, tanto brit\u00e1nicas como de otros pa\u00edses.<\/li>\n<li>El ofrecimiento de bonificaciones fiscales atractivas para los benefactores y donantes potenciales, gracias al car\u00e1cter no lucrativo de la Fundaci\u00f3n.<\/li>\n<li>El aumento del n\u00famero de actividades de recaudaci\u00f3n de fondos con el fin de incrementar los ingresos y\/o la conciencia cultural de nuestros cementerios \u2013 eventos culturales (presentaciones de libros, conciertos, etc.), visitas guiadas, experiencias educativas, colaboraciones con asociaciones locales (Centros Culturales, Asociaciones de Vecinos, Grupos Scouts, etc.).<\/li>\n<li>La exploraci\u00f3n, e implementaci\u00f3n siempre que sea posible, de otros m\u00e9todos de conmemoraci\u00f3n \u2013 jardines del recuerdo, enterramientos verdes etc.<\/li>\n<\/ul>\n<p>[\/et_pb_text][\/et_pb_column][et_pb_column type=\u00bb1_3&#8243; _builder_version=\u00bb3.25&#8243; custom_padding=\u00bb|||\u00bb custom_padding__hover=\u00bb|||\u00bb][et_pb_image src=\u00bbhttps:\/\/britishcemeteriesspain.org\/foundation\/wp-content\/uploads\/2018\/08\/objetivos-fundacion-britanica-cementerios.jpg\u00bb align=\u00bbcenter\u00bb align_tablet=\u00bbcenter\u00bb align_phone=\u00bb\u00bb align_last_edited=\u00bbon|desktop\u00bb _builder_version=\u00bb3.23&#8243;]<\/p>\n<p>[\/et_pb_image][et_pb_image src=\u00bbhttps:\/\/britishcemeteriesspain.org\/foundation\/wp-content\/uploads\/2018\/08\/voluntarios-cementerios-britanicos.jpg\u00bb align=\u00bbcenter\u00bb align_tablet=\u00bbcenter\u00bb align_phone=\u00bb\u00bb align_last_edited=\u00bbon|desktop\u00bb _builder_version=\u00bb3.23&#8243;]<\/p>\n<p>[\/et_pb_image][\/et_pb_column][\/et_pb_row][\/et_pb_section][et_pb_section fb_built=\u00bb1&#8243; _builder_version=\u00bb3.22&#8243; background_color=\u00bb#f7f7f7&#8243;][et_pb_row column_structure=\u00bb1_2,1_2&#8243; _builder_version=\u00bb3.25&#8243; background_size=\u00bbinitial\u00bb background_position=\u00bbtop_left\u00bb background_repeat=\u00bbrepeat\u00bb][et_pb_column type=\u00bb1_2&#8243; _builder_version=\u00bb3.25&#8243; custom_padding=\u00bb|||\u00bb custom_padding__hover=\u00bb|||\u00bb][et_pb_image src=\u00bbhttps:\/\/britishcemeteriesspain.org\/foundation\/wp-content\/uploads\/2018\/08\/objetivos-de-la-fundacion-cementerios-britanicos.jpg\u00bb align=\u00bbcenter\u00bb align_tablet=\u00bbcenter\u00bb align_phone=\u00bb\u00bb align_last_edited=\u00bbon|desktop\u00bb _builder_version=\u00bb3.23&#8243;]<\/p>\n<p>[\/et_pb_image][et_pb_text _builder_version=\u00bb3.27.4&#8243; custom_margin=\u00bb||10px|\u00bb]<\/p>\n<h2>Patronato<\/h2>\n<p>[\/et_pb_text][et_pb_divider color=\u00bb#21468b\u00bb divider_weight=\u00bb2px\u00bb _builder_version=\u00bb3.15&#8243; max_width=\u00bb40%\u00bb custom_margin=\u00bb||0px|\u00bb]<\/p>\n<p>[\/et_pb_divider][et_pb_text _builder_version=\u00bb4.0.5&#8243; text_line_height=\u00bb1em\u00bb z_index_tablet=\u00bb500&#8243;]<\/p>\n<p>Presidente Honorario:<\/p>\n<p>El Embajador Brit\u00e1nico en Espa\u00f1a<\/p>\n<p>Hugh Elliott<\/p>\n<p>[\/et_pb_text][et_pb_text _builder_version=\u00bb3.27.4&#8243; custom_margin=\u00bb||10px|\u00bb]<\/p>\n<h2>Presidente<\/h2>\n<p>[\/et_pb_text][et_pb_divider color=\u00bb#21468b\u00bb divider_weight=\u00bb2px\u00bb _builder_version=\u00bb3.15&#8243; max_width=\u00bb40%\u00bb custom_margin=\u00bb||0px|\u00bb]<\/p>\n<p>[\/et_pb_divider][et_pb_text _builder_version=\u00bb3.27.4&#8243; text_font=\u00bb||||||||\u00bb text_line_height=\u00bb1em\u00bb]<\/p>\n<p>Sarah-Jane Caroline Morris<\/p>\n<p>C\u00f3nsul Brit\u00e1nica en Madrid<\/p>\n<p>[\/et_pb_text][\/et_pb_column][et_pb_column type=\u00bb1_2&#8243; _builder_version=\u00bb3.25&#8243; custom_padding=\u00bb|||\u00bb custom_padding__hover=\u00bb|||\u00bb][et_pb_text _builder_version=\u00bb3.27.4&#8243; custom_margin=\u00bb||10px|\u00bb]<\/p>\n<h2>Patronos<\/h2>\n<p>[\/et_pb_text][et_pb_divider color=\u00bb#21468b\u00bb divider_weight=\u00bb2px\u00bb _builder_version=\u00bb3.15&#8243; max_width=\u00bb40%\u00bb custom_margin=\u00bb||0px|\u00bb]<\/p>\n<p>[\/et_pb_divider][et_pb_text _builder_version=\u00bb3.27.4&#8243; text_line_height=\u00bb1.4em\u00bb z_index_tablet=\u00bb500&#8243;]<\/p>\n<p>Diana Geraldine Mary Clifton Sewell<\/p>\n<p>Derek James Doyle\u00a0Honour O.B.E<br \/>Ex C\u00f3nsul Brit\u00e1nico y Agregado Comercial en Bilbao<\/p>\n<p>Mar\u00eda Carolyn Febrer Bowen<\/p>\n<p>Mar\u00eda Eva Fitzpatrick Astigarraga<br \/>Agregado Comercial en Bilbao<\/p>\n<p>John Edward Kiddell, B.E.M<\/p>\n<p>Marcella Patricia Mattenet Heskett<\/p>\n<p>Michael Stephen Patrick Murphy<\/p>\n<p>Pauline Murray<\/p>\n<p>Trevor William Nicholas Plummer<\/p>\n<p>Monica Segoviano Mattes<\/p>\n<p>Ralph Antony Smith, M.B.E<\/p>\n<p>Pamela Smith-Berry<\/p>\n<p>Patrono honor\u00edfico vital<br \/>David John Butler, M.B.E<\/p>\n<p>[\/et_pb_text][\/et_pb_column][\/et_pb_row][\/et_pb_section]<\/p>\n","protected":false},"excerpt":{"rendered":"<p>Fundaci\u00f3n Cementerios Brit\u00e1nicos en Espa\u00f1a FUNDACI\u00d3N&#8230;<\/p>\n","protected":false},"author":1,"featured_media":0,"parent":0,"menu_order":0,"comment_status":"closed","ping_status":"closed","template":"template-builder.php","meta":{"_et_pb_use_builder":"on","_et_pb_old_content":"","_et_gb_content_width":"","footnotes":""},"_links":{"self":[{"href":"https:\/\/britishcemeteriesspain.org\/foundation\/wp-json\/wp\/v2\/pages\/12"}],"collection":[{"href":"https:\/\/britishcemeteriesspain.org\/foundation\/wp-json\/wp\/v2\/pages"}],"about":[{"href":"https:\/\/britishcemeteriesspain.org\/foundation\/wp-json\/wp\/v2\/types\/page"}],"author":[{"embeddable":true,"href":"https:\/\/britishcemeteriesspain.org\/foundation\/wp-json\/wp\/v2\/users\/1"}],"replies":[{"embeddable":true,"href":"https:\/\/britishcemeteriesspain.org\/foundation\/wp-json\/wp\/v2\/comments?post=12"}],"version-history":[{"count":0,"href":"https:\/\/britishcemeteriesspain.org\/foundation\/wp-json\/wp\/v2\/pages\/12\/revisions"}],"wp:attachment":[{"href":"https:\/\/britishcemeteriesspain.org\/foundation\/wp-json\/wp\/v2\/media?parent=12"}],"curies":[{"name":"wp","href":"https:\/\/api.w.org\/{rel}","templated":true}]}}